{"id":215,"date":"2023-03-05T05:27:10","date_gmt":"2023-03-05T04:27:10","guid":{"rendered":"http:\/\/lbatis.com\/?post_type=product&#038;p=215"},"modified":"2023-04-28T13:35:16","modified_gmt":"2023-04-28T11:35:16","slug":"frenchs-gold-express","status":"publish","type":"product","link":"https:\/\/lbatis.com\/index.php\/produit\/frenchs-gold-express\/","title":{"rendered":"Frenchs Gold Express"},"content":{"rendered":"<p><strong>RENCH GOLD\u00a0<\/strong><\/p>\n<p>Le lissage Fran\u00e7ais est une innovation en mati\u00e8re de soin capillaire.<\/p>\n<p>Il est en une \u00e9tape ce qui apporte un gain de temps et une facilit\u00e9 d&#8217;utilisation.<\/p>\n<p>Il est sans formol et convient donc \u00e0 tous le monde, il est \u00e9galement adapt\u00e9 \u00e0 tous types de cheveux,\u00a0du cheveu fins europ\u00e9ens en passant par le cheveux maghr\u00e9bin \u00e9pais, jusqu&#8217;au cheveu afro et tr\u00e8s cr\u00e9pus .<\/p>\n<p>Le French Gold soigne la fibre capillaire et la lisse en douceur, sans l&#8217;abimer.<\/p>\n<p>La dur\u00e9e du lissage est du 4 \u00e0 6 mois.<\/p>\n<p>Les bienfaits de ce traitement capillaire:<\/p>\n<p>&#8211; L&#8217;huile d&#8217;argan freine la chute de cheveux et renforce leur \u00e9clats<\/p>\n<p>&#8211; L&#8217;huile de coco nourrit la chevelure et la rend plus dense et plus brillantes, et laisse une odeur\u00a0envoutante sur le cheveu.<\/p>\n<p>Riche en vitamine E, en vitamine K et en fer le French Lizz va reconstruire la fibre et la renforcer.<\/p>\n<p>&nbsp;<\/p>\n<p><strong>Mode d&#8217;emploi :<\/strong><\/p>\n<p>Appliquer le FRENCH LIZZ de fa\u00e7on g\u00e9n\u00e9reuse sur un cheveu sec et tr\u00e8s propre, m\u00e8che \u00e0 m\u00e8che,\u00a0\u00e0 l&#8217;aide d&#8217;un applicateur ou d&#8217;un pinceau.<\/p>\n<p>Enlever l&#8217;excedent de produit avec un peigne fin.<\/p>\n<p>Lorsque toutes les m\u00e8ches de cheveu sont faites, laisser agir le produit:<\/p>\n<p>-1 heure sur cheveux afro ou tr\u00e8s cr\u00e9pus<\/p>\n<p>-40 min sur cheveux boucl\u00e8s ou ondul\u00e9s<\/p>\n<p>-30 min sur cheveux europ\u00e9en et fins<\/p>\n<p>Rincer le produit \u00e0l&#8217;eau claire sans shampoing<\/p>\n<p>S\u00e9cher les cheveux \u00e0 laide d&#8217;un sechoir sans faire de brushing<\/p>\n<p>D\u00e9couper les cheveux en 4 parties \u00e0 l&#8217;aide de pinces<\/p>\n<p>Commencer \u00e0 lisser des petites m\u00e8ches de cheveux en commen\u00e7ant par la nuque, et passer le faire \u00e0 lisser 10 \u00e0 15 fois par m\u00e8ches De la racine \u00e0 la pointe (t\u00b0 des plaques \u00e0 230\u00b0 pour des cheveux naturels, et 190\u00b0 pour des cheveux color\u00e9s ou d\u00e9color\u00e9s)<\/p>\n<p>Laisser les cheveux refroidir durant 15 min puis laver 2 fois avec un shampoing sans sulfate.<\/p>\n<p>Vous pouvez maintenant d\u00e9m\u00ealer et s\u00e9cher vos cheveux \u00e0 l&#8217;aide d&#8217;un s\u00e9choir, sans plaques ni brushing,<\/p>\n<p>juste au doigt ou \u00e0 l&#8217;aide d&#8217;une brosse<\/p>\n","protected":false},"excerpt":{"rendered":"<p>Le lissage Fran\u00e7ais est une innovation en mati\u00e8re de soin capillaire.<\/p>\n<p>Il est en une \u00e9tape ce qui apporte un gain de temps et une facilit\u00e9 d&#8217;utilisation.<\/p>\n<p>Il est sans formol et convient donc \u00e0 tous le monde, il est \u00e9galement adapt\u00e9 \u00e0 tous types de cheveux,\u00a0du cheveu fins europ\u00e9ens en passant par le cheveux maghr\u00e9bin \u00e9pais, jusqu&#8217;au cheveu afro et tr\u00e8s cr\u00e9pus .<\/p>\n<p>Le French Gold soigne la fibre capillaire et la lisse en douceur, sans l&#8217;abimer.<\/p>\n<p>La dur\u00e9e du lissage est du 4 \u00e0 6 mois.<\/p>\n","protected":false},"featured_media":208,"comment_status":"open","ping_status":"closed","template":"","meta":{"_et_pb_use_builder":"","_et_pb_old_content":"","_et_gb_content_width":""},"product_cat":[21],"product_tag":[],"class_list":["post-215","product","type-product","status-publish","has-post-thumbnail","hentry","product_cat-non-classe"],"_links":{"self":[{"href":"https:\/\/lbatis.com\/index.php\/wp-json\/wp\/v2\/product\/215","targetHints":{"allow":["GET"]}}],"collection":[{"href":"https:\/\/lbatis.com\/index.php\/wp-json\/wp\/v2\/product"}],"about":[{"href":"https:\/\/lbatis.com\/index.php\/wp-json\/wp\/v2\/types\/product"}],"replies":[{"embeddable":true,"href":"https:\/\/lbatis.com\/index.php\/wp-json\/wp\/v2\/comments?post=215"}],"wp:featuredmedia":[{"embeddable":true,"href":"https:\/\/lbatis.com\/index.php\/wp-json\/wp\/v2\/media\/208"}],"wp:attachment":[{"href":"https:\/\/lbatis.com\/index.php\/wp-json\/wp\/v2\/media?parent=215"}],"wp:term":[{"taxonomy":"product_cat","embeddable":true,"href":"https:\/\/lbatis.com\/index.php\/wp-json\/wp\/v2\/product_cat?post=215"},{"taxonomy":"product_tag","embeddable":true,"href":"https:\/\/lbatis.com\/index.php\/wp-json\/wp\/v2\/product_tag?post=215"}],"curies":[{"name":"wp","href":"https:\/\/api.w.org\/{rel}","templated":true}]}}