{"id":216,"date":"2023-03-05T05:28:12","date_gmt":"2023-03-05T04:28:12","guid":{"rendered":"http:\/\/lbatis.com\/?post_type=product&#038;p=216"},"modified":"2023-04-28T13:53:37","modified_gmt":"2023-04-28T11:53:37","slug":"big-hair-big-dreams","status":"publish","type":"product","link":"https:\/\/lbatis.com\/index.php\/produit\/big-hair-big-dreams\/","title":{"rendered":"Big Hair Big Dreams"},"content":{"rendered":"<p>Je suis le Booster Pousse, une lotion qui va permettre \u00e0 tes cheveux de pousser 3 \u00e0 4 fois plus vite.<\/p>\n<p>Mon agr\u00e9able odeur vanill\u00e9e ainsi que ma formule \u00e0 97 % naturelle, principalement compos\u00e9e de ginseng rouge de Cor\u00e9e, mais aussi d\u2019extrait d\u2019ail, op\u00e8re des miracles.<\/p>\n<p>Anti-inflammatoire naturel, connu pour tonifier la micro-circulation dans le cuir chevelu et maximiser ainsi la pousse des cheveux, le ginseng rouge favorise \u00e9galement la formation de collag\u00e8ne, une prot\u00e9ine tr\u00e8s riche en acides amin\u00e9s aux propri\u00e9t\u00e9s antioxydantes av\u00e9r\u00e9es.<\/p>\n<p>Avec moi, ta masse capillaire va rapidement reprendre du volume. Je rattrape les zones perdues et assainit le cuir chevelu pour un effet durable.42<\/p>\n","protected":false},"excerpt":{"rendered":"<p><strong>Notre Booster Pousse est un soin formul\u00e9 \u00e0 97% \u00e0 base de ginseng rouge de Cor\u00e9e. Il renforce la racine du cheveu, stoppe la chute et acc\u00e9l\u00e8re intens\u00e9ment la croissance capillaire<\/strong><\/p>\n<p>Parfum de vanille tr\u00e8s\u00a0agr\u00e9able<\/p>\n<p><span style=\"color: #e6bfe0;\"><span style=\"color: #f58cd3;\"><strong>\u2713\u00a0<\/strong><em>Big<\/em> format de 250 ml<\/span><\/span><\/p>\n<p><span style=\"color: #e6bfe0;\"><span style=\"color: #f58cd3;\"><strong>\u2713<\/strong><\/span>\u00a0<\/span>Efficace sur tout type de cheveux<\/p>\n<p><span style=\"color: #f58cd3;\"><strong>\u2713<\/strong><\/span>\u00a0Formule \u00e0 97 % naturelle,\u00a0cibl\u00e9e et optimis\u00e9e pour la pousse<\/p>\n<p><span style=\"color: #e6bfe0;\"><span style=\"color: #f58cd3;\"><strong>\u2713\u00a0<\/strong>Rattrape m\u00eame les zones clairsem\u00e9es <\/span><\/span><\/p>\n<p>&nbsp;<\/p>\n","protected":false},"featured_media":207,"comment_status":"open","ping_status":"closed","template":"","meta":{"_et_pb_use_builder":"","_et_pb_old_content":"","_et_gb_content_width":""},"product_cat":[25],"product_tag":[],"class_list":["post-216","product","type-product","status-publish","has-post-thumbnail","hentry","product_cat-categorie-2"],"_links":{"self":[{"href":"https:\/\/lbatis.com\/index.php\/wp-json\/wp\/v2\/product\/216","targetHints":{"allow":["GET"]}}],"collection":[{"href":"https:\/\/lbatis.com\/index.php\/wp-json\/wp\/v2\/product"}],"about":[{"href":"https:\/\/lbatis.com\/index.php\/wp-json\/wp\/v2\/types\/product"}],"replies":[{"embeddable":true,"href":"https:\/\/lbatis.com\/index.php\/wp-json\/wp\/v2\/comments?post=216"}],"wp:featuredmedia":[{"embeddable":true,"href":"https:\/\/lbatis.com\/index.php\/wp-json\/wp\/v2\/media\/207"}],"wp:attachment":[{"href":"https:\/\/lbatis.com\/index.php\/wp-json\/wp\/v2\/media?parent=216"}],"wp:term":[{"taxonomy":"product_cat","embeddable":true,"href":"https:\/\/lbatis.com\/index.php\/wp-json\/wp\/v2\/product_cat?post=216"},{"taxonomy":"product_tag","embeddable":true,"href":"https:\/\/lbatis.com\/index.php\/wp-json\/wp\/v2\/product_tag?post=216"}],"curies":[{"name":"wp","href":"https:\/\/api.w.org\/{rel}","templated":true}]}}